1 + 100010111?
100011100
In base 11, what is -10 - 228?
-238
In base 15, what is 7 - 1e1?
-1d9
In base 11, what is -21 - -2?
-1a
In base 12, what is -20 - -20?
0
In base 15, what is -37e + -2?
-381
In base 6, what is 152 - 43?
105
In base 14, what is 1b5a + -3?
1b57
In base 13, what is a + 3aa?
3b7
In base 3, what is 12 + 212?
1001
In base 8, what is 4343 - -2?
4345
In base 9, what is 4 - -58?
63
In base 4, what is 330332 + -3?
330323
In base 14, what is -3821 - -5?
-381a
In base 11, what is -a - -47?
38
In base 4, what is 122 + 3102?
3230
In base 12, what is -ab6 - 3?
-ab9
In base 6, what is 325 + -50?
235
In base 14, what is -8 + 4?
-4
In base 10, what is -255 - 2?
-257
In base 10, what is -4 - -126?
122
In base 4, what is 313 - 3111?
-2132
In base 15, what is 4 + 1498?
149c
In base 13, what is 1 - 39?
-38
In base 13, what is -59 + -1?
-5a
In base 5, what is -11 + 23122?
23111
In base 7, what is -1141 + 5?
-1133
In base 12, what is 4 + -2a1?
-299
In base 2, what is -101 + 100101?
100000
In base 7, what is 12 + -5461?
-5446
In base 11, what is -2 - -178?
176
In base 9, what is 0 + 655?
655
In base 5, what is -1011443 + 0?
-1011443
In base 6, what is -20544 + -2?
-20550
In base 4, what is 100 + 12300?
13000
In base 12, what is 131 - -4?
135
In base 3, what is 111 - 121?
-10
In base 14, what is d7 - 9?
cc
In base 7, what is 6 + -152?
-143
In base 15, what is -8 + -10d?
-116
In base 6, what is 3 - -31?
34
In base 6, what is -300152 - 1?
-300153
In base 9, what is -1 + -75?
-76
In base 11, what is -4 - -437?
433
In base 7, what is 2 - -416?
421
In base 16, what is -624 + -5?
-629
In base 15, what is -3 - -1?
-2
In base 10, what is 3776 - 1?
3775
In base 10, what is -22 + -24?
-46
In base 2, what is 1101111 + 101100?
10011011
In base 6, what is -3 + 5?
2
In base 4, what is 1222 + 1120?
3002
In base 11, what is 855 - -3?
858
In base 16, what is -f - e?
-1d
In base 5, what is -31 - -1311?
1230
In base 9, what is 6 + -41?
-34
In base 14, what is -66 - -4?
-62
In base 9, what is 14 - 162?
-147
In base 7, what is 40 + -1?
36
In base 8, what is -4 + 246?
242
In base 11, what is -433 - -5?
-429
In base 15, what is -9 - -240?
236
In base 9, what is 1025 - -5?
1031
In base 3, what is -11200 - 2020?
-20220
In base 7, what is 1 + 240?
241
In base 2, what is 10 + 1?
11
In base 3, what is -10 + 1122222?
1122212
In base 7, what is 5200 - 2?
5165
In base 8, what is 452 + -2?
450
In base 16, what is f + 13?
22
In base 7, what is -15 - 23?
-41
In base 12, what is 49 + -2?
47
In base 6, what is 1423 - -3?
1430
In base 11, what is -46 - 84?
-11a
In base 2, what is -1011001101 + -100?
-1011010001
In base 15, what is -3 + -d?
-11
In base 5, what is -4 - -121?
112
In base 9, what is 183 + 2?
185
In base 11, what is -4 + a?
6
In base 6, what is -43113 + -4?
-43121
In base 15, what is -7c + -109?
-186
In base 7, what is 0 - -1211?
1211
In base 12, what is -7 + -457?
-462
In base 3, what is 10100 + -2?
10021
In base 11, what is 6325 + -2?
6323
In base 9, what is 6 + -125?
-118
In base 13, what is 2 - -55?
57
In base 15, what is 4 - -143?
147
In base 2, what is -10100001111 + 10?
-10100001101
In base 2, what is 11000010001 - -11?
11000010100
In base 13, what is 1a + -327?
-30a
In base 16, what is 5 - 956?
-951
In base 13, what is 4 - 3a?
-36
In base 11, what is 0 + 33?
33
In base 6, what is -4 - 251?
-255
In base 8, what is -65 - -5?
-60
In base 5, what is -2 + 31?
24
In base 5, what is 224 - -10?
234
In base 6, what is 4 + -50122?
-50114
In base 11, what is -185 - -29?
-157
In base 8, what is 3 + -1033?
-1030
In base 3, what is 10 - 2220020?
-2220010
In base 8, what is 0 - 117?
-117
In base 15, what is d9 - 1?
d8
In base 13, what is 0 + 253b?
253b
In base 15, what is 0 + -1d?
-1d
In base 14, what is 4 - 16dc?
-16d8
In base 5, what is -304 - -10?
-244
In base 14, what is -a0 - 3?
-a3
In base 14, what is -10 - 9?
-19
In base 13, what is -394 + 11?
-383
In base 7, what is -1 - -42?
41
In base 13, what is 18 + 8?
23
In base 14, what is 18 + 77?
91
In base 10, what is -1 - 155?
-156
In base 15, what is eb + -3?
e8
In base 9, what is -5 + 756?
751
In base 2, what is 0 + -1100111?
-1100111
In base 6, what is 2014 + 5?
2023
In base 12, what is 7 - 9?
-2
In base 7, what is 3455 + -4?
3451
In base 3, what is -2 + 11?
2
In base 13, what is 56b + -4?
567
In base 13, what is 12 + -5cc?
-5ba
In base 5, what is 1 + -114142?
-114141
In base 14, what is 8 + -6?
2
In base 9, what is -3 - -45?
42
In base 16, what is 1 - 59?
-58
In base 2, what is -1000 - 101011010?
-101100010
In base 16, what is 1e - -6?
24
In base 16, what is -12f - 1a?
-149
In base 16, what is -3 + -3?
-6
In base 4, what is 221302 + -21?
221221
In base 9, what is -4 - 6087?
-6102
In base 14, what is -280 - 3?
-283
In base 10, what is -5 - -14?
9
In base 8, what is 165 + -15?
150
In base 10, what is 11 + 8?
19
In base 10, what is -323 + -4?
-327
In base 2, what is 101 + -1100000010?
-1011111101
In base 8, what is 3 - 25?
-22
In base 16, what is -37e2 + 2?
-37e0
In base 4, what is 10 + 23111?
23121
In base 10, what is -402 - -3?
-399
In base 4, what is 10200 + 12?
10212
In base 15, what is 2 - -48?
4a
In base 7, what is 5 - -5406?
5414
In base 13, what is 1a7 - -1?
1a8
In base 5, what is 2433 + 0?
2433
In base 2, what is 101011000010 - 1?
101011000001
In base 2, what is 1001010 + 10?
1001100
In base 8, what is -134 - 17?
-153
In base 15, what is b + 10?
1b
In base 4, what is -12133 - -2?
-12131
In base 3, what is 10 - 21222?
-21212
In base 10, what is -18 + -21?
-39
In base 11, what is 3 - -71?
74
In base 15, what is -41 - -7?
-39
In base 4, what is -2 - -132?
130
In base 13, what is 994 + -5?
98c
In base 7, what is 25 - -23?
51
In base 5, what is 1 - 32?
-31
In base 6, what is 2 - 11545?
-11543
In base 8, what is 5 + 1533?
1540
In base 12, what is -5b4 - -9?
-5a7
In base 14, what is -3d8 + 5?
-3d3
In base 7, what is -100 + -22?
-122
In base 5, what is 13 - -321?
334
In base 15, what is ed - -7?
105
In base 4, what is 1 + 223220?
223221
In base 9, what is 13 - 10?
3
In base 8, what is 223 - -30?
253
In base 6, what is -103 + -3?
-110
In base 15, what is -a - 2d?
-38
In base 15, what is -382 - 7?
-389
In base 2, what is -10100110 - -11?
-10100011
In base 8, what is 4 + -525?
-521
In base 12, what is 7 + -15a2?
-1597
In base 14, what is -bc - 6?
-c4
In base 7, what is -433 - 21?
-454
In base 5, what is -3402 + -32?
-3434
In base 4, what is 0 - -110?
110
In base 2, what is -100 + -10011?
-10111
In base 3, what is -20012011 + 2?
-20012002
In base 6, what is 32 + 0?
32
In base 9, what is 14278 - 2?
14276
In base 13, what is 79c + -5?
797
In base 2, what is -1001111011 - -100?
-1001110111
In base 10, what is 93 - 1?
92
In base 14, what is -69 + -2?
-6b
In base 15, what is 1058 - 4?
1054
In base 6, what is 30341 + -4?
30333
In base 11, what is -9 - 7a?
-88
In base 11, what is 6 - -66a?
675
In base 5, what is -12 + -13?
-30
In base 5, what is -2 - 30?
-32
In base 5, what is 1 - -42242?
42243
In base 7, what is 3 + -14?
-11
In base 5, what is 3 + -441?
-433
In base 6, what is -5 - 10435?
-10444
In base 8, what is 1365 + 2?
1367
In base 15, what is 1a - 0?
1a
In base 16, what is 7bc - -3?
7bf
In base 3, what is 200 + 12?
212
In base 7, what is 154 + -3?
151
In base 9, what is 20 - -113?
133
In base 8, what is 4 - -61?
65
In base 8, what is -5 - -106?
101
In base 3, what is -2010 - -2?
-2001
In base 3, what is -210121 - 1?
-210122
In base 10, what is 4 - -52?
56
In base 7, what is 503 + 100?
603
In base 9, what is 84 + 2?
86
In base 5, what is -410 - -10?
-400
In base 11, what is -26 - -26?
0
In base 13, what is -5 - -10?
8
In base 8, what is 11523 + 1?
11524
In base 10, what is -4 + -153?
-157
In base 9, what is 475 + -2?
473
In base 16, what is 34 + -8?
2c
In base 8, what is -5 - -6744?
6737
In base 14, what is -8 - -1c7?
1bd
In base 3, what is 1001100 - 2?
1001021
In base 3, what is -200 + -1100?
-2000
In base 10, what is 3 + -2765?
-2762
In base 4, what is -232 + 20?
-212
In base 7, what is -411 - -2?
-406
In base 16, what is -8f + f?
-80
In base 15, what is 110 + -d?
102
In base 11, what is 172a - -3?
1732
In base 4, what is -132 - -23?
-103
In base 16, what is 0 + -14?
-14
In base 10, what is 99 - -123?
222
In base 8, what 